{"id":66,"date":"2022-02-15T15:53:57","date_gmt":"2022-02-15T15:53:57","guid":{"rendered":"https:\/\/www.bdle.at\/~vanessa.prattes\/KFZ%20Thomann%20Michael\/wordpress-5.8.3\/wordpress\/?page_id=66"},"modified":"2022-05-17T18:21:07","modified_gmt":"2022-05-17T16:21:07","slug":"service","status":"publish","type":"page","link":"https:\/\/www.kfz-thomann.at\/index.php\/unser-angebot\/service\/","title":{"rendered":"Service und \u00dcberpr\u00fcfung"},"content":{"rendered":"\n    \n    <section class=\"u-clearfix u-grey-10 u-section-2\" id=\"sec-aa50\">\n      <div class=\"u-clearfix u-sheet u-sheet-1\">\n        <img decoding=\"async\" class=\"u-align-left u-image u-image-1\" data-image-width=\"2560\" data-image-height=\"1707\" src=\"https:\/\/www.kfz-thomann.at\/wp-content\/uploads\/2022\/02\/Foto-12-scaled.jpg\">\n        <div class=\"u-align-left u-border-3 u-border-grey-30 u-container-style u-group u-white u-group-1\">\n          <div class=\"u-container-layout u-container-layout-1\">\n            <h2 class=\"u-text u-text-1\"> Service<\/h2>\n            <p class=\"u-custom-font u-font-montserrat u-text u-text-2\"> Regelm\u00e4\u00dfige Wartung ist f\u00fcr die Betriebs- und Verkehrssicherheit zwingend notwendig. Servicet\u00e4tigkeiten nach Herstellervorschrift und Kilometerstand des PKW\u00b4s.<\/p>\n          <\/div>\n        <\/div>\n        <img decoding=\"async\" class=\"u-align-left u-image u-image-2\" data-image-width=\"2560\" data-image-height=\"1671\" src=\"https:\/\/www.kfz-thomann.at\/wp-content\/uploads\/2022\/02\/Foto-19-scaled.jpg\">\n        <div class=\"u-align-left u-border-3 u-border-grey-30 u-container-style u-group u-white u-group-2\">\n          <div class=\"u-container-layout u-container-layout-2\">\n            <h2 class=\"u-custom-font u-font-montserrat u-text u-text-3\"> Gutachten \u00a757a<\/h2>\n            <p class=\"u-custom-font u-font-montserrat u-text u-text-4\"> Das \"Pickerl\" ist eine j\u00e4hrliche wiederkehrende \u00dcberpr\u00fcfung bis 3,5 Tonnen. Hierbei werden \u00fcber 130 verschiedene Punkte Ihres Fahrzeugs auf Verkehr- sowie Betriebssicherheit und Umweltbel\u00e4stigung \u00fcberpr\u00fcft.<\/p>\n          <\/div>\n        <\/div>\n      <\/div>\n    <\/section>\n    \n    \n    \n  \n","protected":false},"excerpt":{"rendered":"<p>Service Regelm\u00e4\u00dfige Wartung ist f\u00fcr die Betriebs- und Verkehrssicherheit zwingend notwendig. Servicet\u00e4tigkeiten nach Herstellervorschrift und Kilometerstand des PKW\u00b4s. Gutachten \u00a757a Das &#8220;Pickerl&#8221; ist eine j\u00e4hrliche wiederkehrende \u00dcberpr\u00fcfung bis 3,5 Tonnen. Hierbei werden \u00fcber 130 verschiedene Punkte Ihres Fahrzeugs auf Verkehr- sowie Betriebssicherheit und Umweltbel\u00e4stigung \u00fcberpr\u00fcft.<\/p>\n","protected":false},"author":1,"featured_media":0,"parent":37,"menu_order":2,"comment_status":"closed","ping_status":"closed","template":"","meta":{"footnotes":""},"class_list":["post-66","page","type-page","status-publish","hentry"],"yoast_head":"<!-- This site is optimized with the Yoast SEO plugin v18.2 - https:\/\/yoast.com\/wordpress\/plugins\/seo\/ -->\n<title>Service und \u00dcberpr\u00fcfung - KFZ Thomann Michael<\/title>\n<meta name=\"robots\" content=\"noindex, follow, max-snippet:-1, max-image-preview:large, max-video-preview:-1\" \/>\n<meta property=\"og:locale\" content=\"en_US\" \/>\n<meta property=\"og:type\" content=\"article\" \/>\n<meta property=\"og:title\" content=\"Service und \u00dcberpr\u00fcfung - KFZ Thomann Michael\" \/>\n<meta property=\"og:description\" content=\"Service Regelm\u00e4\u00dfige Wartung ist f\u00fcr die Betriebs- und Verkehrssicherheit zwingend notwendig. Servicet\u00e4tigkeiten nach Herstellervorschrift und Kilometerstand des PKW\u00b4s. Gutachten \u00a757a Das &quot;Pickerl&quot; ist eine j\u00e4hrliche wiederkehrende \u00dcberpr\u00fcfung bis 3,5 Tonnen. Hierbei werden \u00fcber 130 verschiedene Punkte Ihres Fahrzeugs auf Verkehr- sowie Betriebssicherheit und Umweltbel\u00e4stigung \u00fcberpr\u00fcft.\" \/>\n<meta property=\"og:url\" content=\"https:\/\/www.kfz-thomann.at\/index.php\/unser-angebot\/service\/\" \/>\n<meta property=\"og:site_name\" content=\"KFZ Thomann Michael\" \/>\n<meta property=\"article:modified_time\" content=\"2022-05-17T16:21:07+00:00\" \/>\n<meta name=\"twitter:card\" content=\"summary_large_image\" \/>\n<script type=\"application\/ld+json\" class=\"yoast-schema-graph\">{\"@context\":\"https:\/\/schema.org\",\"@graph\":[{\"@type\":\"Organization\",\"@id\":\"https:\/\/www.kfz-thomann.at\/#organization\",\"name\":\"KFZ Thomann Michael\",\"url\":\"https:\/\/www.kfz-thomann.at\/\",\"sameAs\":[],\"logo\":{\"@type\":\"ImageObject\",\"@id\":\"https:\/\/www.kfz-thomann.at\/#logo\",\"inLanguage\":\"en-US\",\"url\":\"https:\/\/www.kfz-thomann.at\/wp-content\/uploads\/2022\/02\/logo-neu.png\",\"contentUrl\":\"https:\/\/www.kfz-thomann.at\/wp-content\/uploads\/2022\/02\/logo-neu.png\",\"width\":2384,\"height\":844,\"caption\":\"KFZ Thomann Michael\"},\"image\":{\"@id\":\"https:\/\/www.kfz-thomann.at\/#logo\"}},{\"@type\":\"WebSite\",\"@id\":\"https:\/\/www.kfz-thomann.at\/#website\",\"url\":\"https:\/\/www.kfz-thomann.at\/\",\"name\":\"KFZ Thomann Michael\",\"description\":\"Meisterwerkst\u00e4tte\",\"publisher\":{\"@id\":\"https:\/\/www.kfz-thomann.at\/#organization\"},\"potentialAction\":[{\"@type\":\"SearchAction\",\"target\":{\"@type\":\"EntryPoint\",\"urlTemplate\":\"https:\/\/www.kfz-thomann.at\/?s={search_term_string}\"},\"query-input\":\"required name=search_term_string\"}],\"inLanguage\":\"en-US\"},{\"@type\":\"WebPage\",\"@id\":\"https:\/\/www.kfz-thomann.at\/index.php\/unser-angebot\/service\/#webpage\",\"url\":\"https:\/\/www.kfz-thomann.at\/index.php\/unser-angebot\/service\/\",\"name\":\"Service und \u00dcberpr\u00fcfung - KFZ Thomann Michael\",\"isPartOf\":{\"@id\":\"https:\/\/www.kfz-thomann.at\/#website\"},\"datePublished\":\"2022-02-15T15:53:57+00:00\",\"dateModified\":\"2022-05-17T16:21:07+00:00\",\"breadcrumb\":{\"@id\":\"https:\/\/www.kfz-thomann.at\/index.php\/unser-angebot\/service\/#breadcrumb\"},\"inLanguage\":\"en-US\",\"potentialAction\":[{\"@type\":\"ReadAction\",\"target\":[\"https:\/\/www.kfz-thomann.at\/index.php\/unser-angebot\/service\/\"]}]},{\"@type\":\"BreadcrumbList\",\"@id\":\"https:\/\/www.kfz-thomann.at\/index.php\/unser-angebot\/service\/#breadcrumb\",\"itemListElement\":[{\"@type\":\"ListItem\",\"position\":1,\"name\":\"Home\",\"item\":\"https:\/\/www.kfz-thomann.at\/\"},{\"@type\":\"ListItem\",\"position\":2,\"name\":\"Unser Angebot\",\"item\":\"https:\/\/www.kfz-thomann.at\/index.php\/unser-angebot\/\"},{\"@type\":\"ListItem\",\"position\":3,\"name\":\"Service und \u00dcberpr\u00fcfung\"}]}]}<\/script>\n<!-- \/ Yoast SEO plugin. -->","yoast_head_json":{"title":"Service und \u00dcberpr\u00fcfung - KFZ Thomann Michael","robots":{"index":"noindex","follow":"follow","max-snippet":"max-snippet:-1","max-image-preview":"max-image-preview:large","max-video-preview":"max-video-preview:-1"},"og_locale":"en_US","og_type":"article","og_title":"Service und \u00dcberpr\u00fcfung - KFZ Thomann Michael","og_description":"Service Regelm\u00e4\u00dfige Wartung ist f\u00fcr die Betriebs- und Verkehrssicherheit zwingend notwendig. Servicet\u00e4tigkeiten nach Herstellervorschrift und Kilometerstand des PKW\u00b4s. Gutachten \u00a757a Das \"Pickerl\" ist eine j\u00e4hrliche wiederkehrende \u00dcberpr\u00fcfung bis 3,5 Tonnen. Hierbei werden \u00fcber 130 verschiedene Punkte Ihres Fahrzeugs auf Verkehr- sowie Betriebssicherheit und Umweltbel\u00e4stigung \u00fcberpr\u00fcft.","og_url":"https:\/\/www.kfz-thomann.at\/index.php\/unser-angebot\/service\/","og_site_name":"KFZ Thomann Michael","article_modified_time":"2022-05-17T16:21:07+00:00","twitter_card":"summary_large_image","schema":{"@context":"https:\/\/schema.org","@graph":[{"@type":"Organization","@id":"https:\/\/www.kfz-thomann.at\/#organization","name":"KFZ Thomann Michael","url":"https:\/\/www.kfz-thomann.at\/","sameAs":[],"logo":{"@type":"ImageObject","@id":"https:\/\/www.kfz-thomann.at\/#logo","inLanguage":"en-US","url":"https:\/\/www.kfz-thomann.at\/wp-content\/uploads\/2022\/02\/logo-neu.png","contentUrl":"https:\/\/www.kfz-thomann.at\/wp-content\/uploads\/2022\/02\/logo-neu.png","width":2384,"height":844,"caption":"KFZ Thomann Michael"},"image":{"@id":"https:\/\/www.kfz-thomann.at\/#logo"}},{"@type":"WebSite","@id":"https:\/\/www.kfz-thomann.at\/#website","url":"https:\/\/www.kfz-thomann.at\/","name":"KFZ Thomann Michael","description":"Meisterwerkst\u00e4tte","publisher":{"@id":"https:\/\/www.kfz-thomann.at\/#organization"},"potentialAction":[{"@type":"SearchAction","target":{"@type":"EntryPoint","urlTemplate":"https:\/\/www.kfz-thomann.at\/?s={search_term_string}"},"query-input":"required name=search_term_string"}],"inLanguage":"en-US"},{"@type":"WebPage","@id":"https:\/\/www.kfz-thomann.at\/index.php\/unser-angebot\/service\/#webpage","url":"https:\/\/www.kfz-thomann.at\/index.php\/unser-angebot\/service\/","name":"Service und \u00dcberpr\u00fcfung - KFZ Thomann Michael","isPartOf":{"@id":"https:\/\/www.kfz-thomann.at\/#website"},"datePublished":"2022-02-15T15:53:57+00:00","dateModified":"2022-05-17T16:21:07+00:00","breadcrumb":{"@id":"https:\/\/www.kfz-thomann.at\/index.php\/unser-angebot\/service\/#breadcrumb"},"inLanguage":"en-US","potentialAction":[{"@type":"ReadAction","target":["https:\/\/www.kfz-thomann.at\/index.php\/unser-angebot\/service\/"]}]},{"@type":"BreadcrumbList","@id":"https:\/\/www.kfz-thomann.at\/index.php\/unser-angebot\/service\/#breadcrumb","itemListElement":[{"@type":"ListItem","position":1,"name":"Home","item":"https:\/\/www.kfz-thomann.at\/"},{"@type":"ListItem","position":2,"name":"Unser Angebot","item":"https:\/\/www.kfz-thomann.at\/index.php\/unser-angebot\/"},{"@type":"ListItem","position":3,"name":"Service und \u00dcberpr\u00fcfung"}]}]}},"_links":{"self":[{"href":"https:\/\/www.kfz-thomann.at\/index.php\/wp-json\/wp\/v2\/pages\/66","targetHints":{"allow":["GET"]}}],"collection":[{"href":"https:\/\/www.kfz-thomann.at\/index.php\/wp-json\/wp\/v2\/pages"}],"about":[{"href":"https:\/\/www.kfz-thomann.at\/index.php\/wp-json\/wp\/v2\/types\/page"}],"author":[{"embeddable":true,"href":"https:\/\/www.kfz-thomann.at\/index.php\/wp-json\/wp\/v2\/users\/1"}],"replies":[{"embeddable":true,"href":"https:\/\/www.kfz-thomann.at\/index.php\/wp-json\/wp\/v2\/comments?post=66"}],"version-history":[{"count":8,"href":"https:\/\/www.kfz-thomann.at\/index.php\/wp-json\/wp\/v2\/pages\/66\/revisions"}],"predecessor-version":[{"id":457,"href":"https:\/\/www.kfz-thomann.at\/index.php\/wp-json\/wp\/v2\/pages\/66\/revisions\/457"}],"up":[{"embeddable":true,"href":"https:\/\/www.kfz-thomann.at\/index.php\/wp-json\/wp\/v2\/pages\/37"}],"wp:attachment":[{"href":"https:\/\/www.kfz-thomann.at\/index.php\/wp-json\/wp\/v2\/media?parent=66"}],"curies":[{"name":"wp","href":"https:\/\/api.w.org\/{rel}","templated":true}]}}