{"id":10,"date":"2022-02-15T12:53:16","date_gmt":"2022-02-15T12:53:16","guid":{"rendered":"https:\/\/www.bdle.at\/~vanessa.prattes\/KFZ%20Thomann%20Michael\/wordpress-5.8.3\/wordpress\/?page_id=10"},"modified":"2026-03-03T11:50:10","modified_gmt":"2026-03-03T10:50:10","slug":"page","status":"publish","type":"page","link":"https:\/\/www.kfz-thomann.at\/","title":{"rendered":"Startseite"},"content":{"rendered":"\n    \n    <section class=\"u-align-center u-clearfix u-grey-10 u-section-2\" id=\"sec-fdf6\">\n      <div class=\"u-align-left u-clearfix u-sheet u-sheet-1\"><\/div>\n    <\/section>\n    <section class=\"u-align-center u-clearfix u-grey-10 u-section-3\" id=\"sec-8ba7\">\n      <div class=\"u-clearfix u-sheet u-sheet-1\">\n        <h1 class=\"u-custom-font u-font-montserrat u-text u-text-custom-color-1 u-text-1\">Meisterwerkstatt<br>Thomann&nbsp;Michael\n        <\/h1>\n        <h2 class=\"u-align-center u-subtitle u-text u-text-2\">\n          <span class=\"u-text-custom-color-1\">&nbsp;\u200b\u00d6ffnung\u200bszeit\u200ben<br>\n            <span style=\"font-size: 2.8125rem;\">&nbsp;MO-FR&nbsp;<\/span>\n            <br>\n            <span style=\"font-size: 2.8125rem;\">08:00 - 12:00 &amp;&nbsp;<\/span>\n            <span style=\"font-size: 2.8125rem;\">13.00 -17:00<\/span>\n            <br>\n            <span style=\"font-size: 1rem; font-weight: 700;\" class=\"u-text-black\">8505 St. Nikolai im Sausal 24b&nbsp;<\/span>\n          <\/span>\n          <span class=\"u-text-custom-color-1\" style=\"text-decoration: underline !important; font-weight: 700;\">\n            <br>\n          <\/span>\n          <br>Die Werkstatt ist<br>&nbsp;vom 27.03.2026&nbsp;<br>bis einschlie\u00dflich 06.04.2026&nbsp;<br>geschlossen !\n        <\/h2>\n        <p class=\"u-align-center u-custom-font u-heading-font u-text u-text-grey-90 u-text-3\"> KFZ Thomann \u2013 Ihre Meisterwerkstatt f\u00fcr Personenkraftwagen. Im Herbst 2010 verwirklichte der Gesch\u00e4ftsinhaber Michael Thomann seinen Traum und machte sich selbstst\u00e4ndig. Seitdem sind wir Ihr Ansprechpartner f\u00fcr Reparaturen, kompetenten Service, beste Qualit\u00e4t und faire Preis-Leistungs-Verh\u00e4ltnisse. Au\u00dferdem bieten wir individuelle Kundenbetreuung mit praxisorientierter Beratung und L\u00f6sungen f\u00fcr Ihre Anliegen. Spezialisiert haben wir uns dabei auf Service- und Reparaturarbeiten aller PKW-Marken. Die ben\u00f6tigten Ersatzteile sind schnell angeliefert und ausgetauscht, sodass Ihr Auto im Nu wieder einsatzbereit ist.<\/p>\n      <\/div>\n    <\/section>\n    <section class=\"u-carousel u-carousel-duration-1000 u-carousel-fade u-slide u-valign-middle u-block-992b-1\" id=\"carousel_b57b\" data-interval=\"1750\" data-u-ride=\"carousel\">\n      <ol class=\"u-carousel-indicators u-hidden-xs u-block-992b-8\">\n        <li data-u-target=\"#carousel_b57b\" data-u-slide-to=\"0\" class=\"u-active u-active-custom-color-1 u-grey-30 u-hover-custom-color-1 u-shape-rectangle\" style=\"width: 30px; height: 3px;\"><\/li>\n        <li data-u-target=\"#carousel_b57b\" class=\"u-active-custom-color-1 u-grey-30 u-hover-custom-color-1 u-shape-rectangle\" data-u-slide-to=\"1\" style=\"width: 30px; height: 3px;\"><\/li>\n        <li data-u-target=\"#carousel_b57b\" class=\"u-active-custom-color-1 u-grey-30 u-hover-custom-color-1 u-shape-rectangle\" data-u-slide-to=\"2\" style=\"width: 30px; height: 3px;\"><\/li>\n        <li data-u-target=\"#carousel_b57b\" class=\"u-active-custom-color-1 u-grey-30 u-hover-custom-color-1 u-shape-rectangle\" data-u-slide-to=\"3\" style=\"width: 30px; height: 3px;\"><\/li>\n        <li data-u-target=\"#carousel_b57b\" class=\"u-active-custom-color-1 u-grey-30 u-hover-custom-color-1 u-shape-rectangle\" data-u-slide-to=\"4\" style=\"width: 30px; height: 3px;\"><\/li>\n        <li data-u-target=\"#carousel_b57b\" class=\"u-active-custom-color-1 u-grey-30 u-hover-custom-color-1 u-shape-rectangle\" data-u-slide-to=\"5\" style=\"width: 30px; height: 3px;\"><\/li>\n        <li data-u-target=\"#carousel_b57b\" class=\"u-active-custom-color-1 u-grey-30 u-hover-custom-color-1 u-shape-rectangle\" data-u-slide-to=\"6\" style=\"width: 30px; height: 3px;\"><\/li>\n        <li data-u-target=\"#carousel_b57b\" class=\"u-active-custom-color-1 u-grey-30 u-hover-custom-color-1 u-shape-rectangle\" data-u-slide-to=\"7\" style=\"width: 30px; height: 3px;\"><\/li>\n        <li data-u-target=\"#carousel_b57b\" class=\"u-active-custom-color-1 u-grey-30 u-hover-custom-color-1 u-shape-rectangle\" data-u-slide-to=\"8\" style=\"width: 30px; height: 3px;\"><\/li>\n        <li data-u-target=\"#carousel_b57b\" class=\"u-active-custom-color-1 u-grey-30 u-hover-custom-color-1 u-shape-rectangle\" data-u-slide-to=\"9\" style=\"width: 30px; height: 3px;\"><\/li>\n        <li data-u-target=\"#carousel_b57b\" class=\"u-active-custom-color-1 u-grey-30 u-hover-custom-color-1 u-shape-rectangle\" data-u-slide-to=\"10\" style=\"width: 30px; height: 3px;\"><\/li>\n        <li data-u-target=\"#carousel_b57b\" class=\"u-active-custom-color-1 u-grey-30 u-hover-custom-color-1 u-shape-rectangle\" data-u-slide-to=\"11\" style=\"width: 30px; height: 3px;\"><\/li>\n        <li data-u-target=\"#carousel_b57b\" class=\"u-active-custom-color-1 u-grey-30 u-hover-custom-color-1 u-shape-rectangle\" data-u-slide-to=\"12\" style=\"width: 30px; height: 3px;\"><\/li>\n        <li data-u-target=\"#carousel_b57b\" class=\"u-active-custom-color-1 u-grey-30 u-hover-custom-color-1 u-shape-rectangle\" data-u-slide-to=\"13\" style=\"width: 30px; height: 3px;\"><\/li>\n        <li data-u-target=\"#carousel_b57b\" class=\"u-active-custom-color-1 u-grey-30 u-hover-custom-color-1 u-shape-rectangle\" data-u-slide-to=\"14\" style=\"width: 30px; height: 3px;\"><\/li>\n        <li data-u-target=\"#carousel_b57b\" class=\"u-active-custom-color-1 u-grey-30 u-hover-custom-color-1 u-shape-rectangle\" data-u-slide-to=\"15\" style=\"width: 30px; height: 3px;\"><\/li>\n        <li data-u-target=\"#carousel_b57b\" class=\"u-active-custom-color-1 u-grey-30 u-hover-custom-color-1 u-shape-rectangle\" style=\"width: 30px; height: 3px;\" data-u-slide-to=\"16\"><\/li>\n        <li data-u-target=\"#carousel_b57b\" class=\"u-active-custom-color-1 u-grey-30 u-hover-custom-color-1 u-shape-rectangle\" style=\"width: 30px; height: 3px;\" data-u-slide-to=\"17\"><\/li>\n      <\/ol>\n      <div class=\"u-carousel-inner\" role=\"listbox\">\n        <div class=\"u-active u-align-center u-carousel-item u-clearfix u-image u-section-4-1\" src=\"\" data-image-width=\"2560\" data-image-height=\"1717\" style=\"background-image: url(&quot;https:\/\/www.kfz-thomann.at\/wp-content\/uploads\/2022\/02\/Foto-9-scaled.jpg&quot;);\">\n          <div class=\"u-align-left u-clearfix u-sheet u-sheet-1\"><\/div>\n        <\/div>\n        <div class=\"u-align-center u-carousel-item u-clearfix u-image u-section-4-2\" src=\"\" data-image-width=\"6000\" data-image-height=\"4000\" style=\"background-image: url(&quot;https:\/\/www.kfz-thomann.at\/wp-content\/uploads\/2022\/02\/Foto-3.png&quot;);\">\n          <div class=\"u-align-left u-clearfix u-sheet u-sheet-1\"><\/div>\n        <\/div>\n        <div class=\"u-align-center u-carousel-item u-clearfix u-image u-section-4-3\" src=\"\" data-image-width=\"2560\" data-image-height=\"1702\" style=\"background-image: url(&quot;https:\/\/www.kfz-thomann.at\/wp-content\/uploads\/2022\/02\/KFZ-Thomann-48-scaled.jpg&quot;);\">\n          <div class=\"u-align-left u-clearfix u-sheet u-sheet-1\"><\/div>\n        <\/div>\n        <div class=\"u-align-center u-carousel-item u-clearfix u-image u-section-4-4\" src=\"\" data-image-width=\"2560\" data-image-height=\"1707\" style=\"background-image: url(&quot;https:\/\/www.kfz-thomann.at\/wp-content\/uploads\/2022\/02\/Foto-13-scaled.jpg&quot;);\">\n          <div class=\"u-align-left u-clearfix u-sheet u-sheet-1\"><\/div>\n        <\/div>\n        <div class=\"u-align-center u-carousel-item u-clearfix u-image u-section-4-5\" src=\"\" data-image-width=\"2560\" data-image-height=\"1702\" style=\"background-image: url(&quot;https:\/\/www.kfz-thomann.at\/wp-content\/uploads\/2022\/02\/KFZ-Thomann-37-scaled.jpg&quot;);\">\n          <div class=\"u-align-left u-clearfix u-sheet u-sheet-1\"><\/div>\n        <\/div>\n        <div class=\"u-align-center u-carousel-item u-clearfix u-image u-section-4-6\" src=\"\" data-image-width=\"2560\" data-image-height=\"1293\" style=\"background-image: url(&quot;https:\/\/www.kfz-thomann.at\/wp-content\/uploads\/2022\/02\/KFZ-Thomann-45-scaled.jpg&quot;);\">\n          <div class=\"u-align-left u-clearfix u-sheet u-sheet-1\"><\/div>\n        <\/div>\n        <div class=\"u-align-center u-carousel-item u-clearfix u-image u-section-4-7\" src=\"\" data-image-width=\"2560\" data-image-height=\"1702\" style=\"background-image: url(&quot;https:\/\/www.kfz-thomann.at\/wp-content\/uploads\/2022\/02\/Foto-8-scaled.jpg&quot;);\">\n          <div class=\"u-align-left u-clearfix u-sheet u-sheet-1\"><\/div>\n        <\/div>\n        <div class=\"u-align-center u-carousel-item u-clearfix u-image u-section-4-8\" src=\"\" data-image-width=\"2560\" data-image-height=\"1702\" style=\"background-image: url(&quot;https:\/\/www.kfz-thomann.at\/wp-content\/uploads\/2022\/02\/KFZ-Thomann-47-scaled.jpg&quot;);\">\n          <div class=\"u-align-left u-clearfix u-sheet u-sheet-1\"><\/div>\n        <\/div>\n        <div class=\"u-align-center u-carousel-item u-clearfix u-image u-section-4-9\" src=\"\" data-image-width=\"2560\" data-image-height=\"1702\" style=\"background-image: url(&quot;https:\/\/www.kfz-thomann.at\/wp-content\/uploads\/2022\/02\/Foto-scaled.jpg&quot;);\">\n          <div class=\"u-align-left u-clearfix u-sheet u-sheet-1\"><\/div>\n        <\/div>\n        <div class=\"u-align-center u-carousel-item u-clearfix u-image u-section-4-10\" src=\"\" data-image-width=\"2560\" data-image-height=\"1702\" style=\"background-image: url(&quot;https:\/\/www.kfz-thomann.at\/wp-content\/uploads\/2022\/02\/KFZ-Thomann-8-scaled.jpg&quot;);\">\n          <div class=\"u-align-left u-clearfix u-sheet u-sheet-1\"><\/div>\n        <\/div>\n        <div class=\"u-align-center u-carousel-item u-clearfix u-image u-section-4-11\" src=\"\" data-image-width=\"2560\" data-image-height=\"1590\" style=\"background-image: url(&quot;https:\/\/www.kfz-thomann.at\/wp-content\/uploads\/2022\/02\/KFZ-Thomann-26-scaled.jpg&quot;);\">\n          <div class=\"u-align-left u-clearfix u-sheet u-sheet-1\"><\/div>\n        <\/div>\n        <div class=\"u-align-center u-carousel-item u-clearfix u-image u-section-4-12\" src=\"\" data-image-width=\"2560\" data-image-height=\"1707\" style=\"background-image: url(&quot;https:\/\/www.kfz-thomann.at\/wp-content\/uploads\/2022\/02\/Foto-16-scaled.jpg&quot;);\">\n          <div class=\"u-align-left u-clearfix u-sheet u-sheet-1\"><\/div>\n        <\/div>\n        <div class=\"u-align-center u-carousel-item u-clearfix u-image u-section-4-13\" src=\"\" data-image-width=\"2560\" data-image-height=\"1025\" style=\"background-image: url(&quot;https:\/\/www.kfz-thomann.at\/wp-content\/uploads\/2022\/02\/KFZ-Thomann-25-scaled.jpg&quot;);\">\n          <div class=\"u-align-left u-clearfix u-sheet u-sheet-1\"><\/div>\n        <\/div>\n        <div class=\"u-align-center u-carousel-item u-clearfix u-image u-section-4-14\" src=\"\" data-image-width=\"2560\" data-image-height=\"1707\" style=\"background-image: url(&quot;https:\/\/www.kfz-thomann.at\/wp-content\/uploads\/2022\/02\/Foto-18-scaled.jpg&quot;);\">\n          <div class=\"u-align-left u-clearfix u-sheet u-sheet-1\"><\/div>\n        <\/div>\n        <div class=\"u-align-center u-carousel-item u-clearfix u-image u-section-4-15\" src=\"\" data-image-width=\"2550\" data-image-height=\"2560\" style=\"background-image: url(&quot;https:\/\/www.kfz-thomann.at\/wp-content\/uploads\/2022\/02\/KFZ-Thomann-19-1200x1205.jpg&quot;);\">\n          <div class=\"u-align-left u-clearfix u-sheet u-sheet-1\"><\/div>\n        <\/div>\n        <div class=\"u-align-center u-carousel-item u-clearfix u-image u-section-4-16\" src=\"\" data-image-width=\"2560\" data-image-height=\"1563\" style=\"background-image: url(&quot;https:\/\/www.kfz-thomann.at\/wp-content\/uploads\/2022\/02\/Foto-17-scaled.jpg&quot;);\">\n          <div class=\"u-align-left u-clearfix u-sheet u-sheet-1\"><\/div>\n        <\/div>\n        <div class=\"u-align-center u-carousel-item u-clearfix u-image u-section-4-17\" src=\"\" data-image-width=\"2560\" data-image-height=\"1707\" style=\"background-image: url(&quot;https:\/\/www.kfz-thomann.at\/wp-content\/uploads\/2022\/02\/KFZ-Thomann-31-scaled.jpg&quot;);\">\n          <div class=\"u-align-left u-clearfix u-sheet u-sheet-1\"><\/div>\n        <\/div>\n      <\/div>\n      <a class=\"u-border-2 u-border-black u-border-no-bottom u-border-no-left u-border-no-right u-border-no-top u-carousel-control u-carousel-control-prev u-hidden u-icon-rectangle u-spacing-10 u-text-custom-color-1 u-block-992b-6\" href=\"#carousel_b57b\" role=\"button\" data-u-slide=\"prev\">\n        <span aria-hidden=\"true\">\n          <svg viewBox=\"0 0 129 129\"><path d=\"m64.5,122.6c32,0 58.1-26 58.1-58.1s-26-58-58.1-58-58,26-58,58 26,58.1 58,58.1zm0-108c27.5,5.32907e-15 49.9,22.4 49.9,49.9s-22.4,49.9-49.9,49.9-49.9-22.4-49.9-49.9 22.4-49.9 49.9-49.9z\"><\/path><path d=\"m70,93.5c0.8,0.8 1.8,1.2 2.9,1.2 1,0 2.1-0.4 2.9-1.2 1.6-1.6 1.6-4.2 0-5.8l-23.5-23.5 23.5-23.5c1.6-1.6 1.6-4.2 0-5.8s-4.2-1.6-5.8,0l-26.4,26.4c-0.8,0.8-1.2,1.8-1.2,2.9s0.4,2.1 1.2,2.9l26.4,26.4z\"><\/path><\/svg>\n        <\/span>\n        <span class=\"sr-only\">\n          <svg viewBox=\"0 0 129 129\"><path d=\"m64.5,122.6c32,0 58.1-26 58.1-58.1s-26-58-58.1-58-58,26-58,58 26,58.1 58,58.1zm0-108c27.5,5.32907e-15 49.9,22.4 49.9,49.9s-22.4,49.9-49.9,49.9-49.9-22.4-49.9-49.9 22.4-49.9 49.9-49.9z\"><\/path><path d=\"m70,93.5c0.8,0.8 1.8,1.2 2.9,1.2 1,0 2.1-0.4 2.9-1.2 1.6-1.6 1.6-4.2 0-5.8l-23.5-23.5 23.5-23.5c1.6-1.6 1.6-4.2 0-5.8s-4.2-1.6-5.8,0l-26.4,26.4c-0.8,0.8-1.2,1.8-1.2,2.9s0.4,2.1 1.2,2.9l26.4,26.4z\"><\/path><\/svg>\n        <\/span>\n      <\/a>\n      <a class=\"u-border-2 u-border-black u-border-no-bottom u-border-no-left u-border-no-right u-border-no-top u-carousel-control u-carousel-control-next u-hidden u-icon-rectangle u-spacing-10 u-text-custom-color-1 u-block-992b-7\" href=\"#carousel_b57b\" role=\"button\" data-u-slide=\"next\">\n        <span aria-hidden=\"true\">\n          <svg viewBox=\"0 0 129 129\"><path d=\"M64.5,122.6c32,0,58.1-26,58.1-58.1S96.5,6.4,64.5,6.4S6.4,32.5,6.4,64.5S32.5,122.6,64.5,122.6z M64.5,14.6    c27.5,0,49.9,22.4,49.9,49.9S92,114.4,64.5,114.4S14.6,92,14.6,64.5S37,14.6,64.5,14.6z\"><\/path><path d=\"m51.1,93.5c0.8,0.8 1.8,1.2 2.9,1.2 1,0 2.1-0.4 2.9-1.2l26.4-26.4c0.8-0.8 1.2-1.8 1.2-2.9 0-1.1-0.4-2.1-1.2-2.9l-26.4-26.4c-1.6-1.6-4.2-1.6-5.8,0-1.6,1.6-1.6,4.2 0,5.8l23.5,23.5-23.5,23.5c-1.6,1.6-1.6,4.2 0,5.8z\"><\/path><\/svg>\n        <\/span>\n        <span class=\"sr-only\">\n          <svg viewBox=\"0 0 129 129\"><path d=\"M64.5,122.6c32,0,58.1-26,58.1-58.1S96.5,6.4,64.5,6.4S6.4,32.5,6.4,64.5S32.5,122.6,64.5,122.6z M64.5,14.6    c27.5,0,49.9,22.4,49.9,49.9S92,114.4,64.5,114.4S14.6,92,14.6,64.5S37,14.6,64.5,14.6z\"><\/path><path d=\"m51.1,93.5c0.8,0.8 1.8,1.2 2.9,1.2 1,0 2.1-0.4 2.9-1.2l26.4-26.4c0.8-0.8 1.2-1.8 1.2-2.9 0-1.1-0.4-2.1-1.2-2.9l-26.4-26.4c-1.6-1.6-4.2-1.6-5.8,0-1.6,1.6-1.6,4.2 0,5.8l23.5,23.5-23.5,23.5c-1.6,1.6-1.6,4.2 0,5.8z\"><\/path><\/svg>\n        <\/span>\n      <\/a>\n    <\/section>\n    \n    \n    \n  \n","protected":false},"excerpt":{"rendered":"<p>MeisterwerkstattThomann&nbsp;Michael &nbsp;\u200b\u00d6ffnung\u200bszeit\u200ben &nbsp;MO-FR&nbsp; 08:00 &#8211; 12:00 &amp;&nbsp; 13.00 -17:00 8505 St. Nikolai im Sausal 24b&nbsp; Die Werkstatt ist&nbsp;vom 27.03.2026&nbsp;bis einschlie\u00dflich 06.04.2026&nbsp;geschlossen ! KFZ Thomann \u2013 Ihre Meisterwerkstatt f\u00fcr Personenkraftwagen. Im Herbst 2010 verwirklichte der Gesch\u00e4ftsinhaber Michael Thomann seinen Traum und machte sich selbstst\u00e4ndig. Seitdem sind wir Ihr Ansprechpartner f\u00fcr Reparaturen, kompetenten Service, beste Qualit\u00e4t und &hellip; <a href=\"https:\/\/www.kfz-thomann.at\/\" class=\"more-link\">Continue reading<span class=\"screen-reader-text\"> &#8220;Startseite&#8221;<\/span><\/a><\/p>\n","protected":false},"author":1,"featured_media":0,"parent":0,"menu_order":0,"comment_status":"closed","ping_status":"closed","template":"","meta":{"footnotes":""},"class_list":["post-10","page","type-page","status-publish","hentry"],"yoast_head":"<!-- This site is optimized with the Yoast SEO plugin v18.2 - https:\/\/yoast.com\/wordpress\/plugins\/seo\/ -->\n<title>Startseite - KFZ Thomann Michael<\/title>\n<meta name=\"robots\" content=\"noindex, follow, max-snippet:-1, max-image-preview:large, max-video-preview:-1\" \/>\n<meta property=\"og:locale\" content=\"en_US\" \/>\n<meta property=\"og:type\" content=\"article\" \/>\n<meta property=\"og:title\" content=\"Startseite - KFZ Thomann Michael\" \/>\n<meta property=\"og:description\" content=\"MeisterwerkstattThomann&nbsp;Michael &nbsp;\u200b\u00d6ffnung\u200bszeit\u200ben &nbsp;MO-FR&nbsp; 08:00 - 12:00 &amp;&nbsp; 13.00 -17:00 8505 St. Nikolai im Sausal 24b&nbsp; Die Werkstatt ist&nbsp;vom 27.03.2026&nbsp;bis einschlie\u00dflich 06.04.2026&nbsp;geschlossen ! KFZ Thomann \u2013 Ihre Meisterwerkstatt f\u00fcr Personenkraftwagen. Im Herbst 2010 verwirklichte der Gesch\u00e4ftsinhaber Michael Thomann seinen Traum und machte sich selbstst\u00e4ndig. Seitdem sind wir Ihr Ansprechpartner f\u00fcr Reparaturen, kompetenten Service, beste Qualit\u00e4t und &hellip; Continue reading &quot;Startseite&quot;\" \/>\n<meta property=\"og:url\" content=\"https:\/\/www.kfz-thomann.at\/\" \/>\n<meta property=\"og:site_name\" content=\"KFZ Thomann Michael\" \/>\n<meta property=\"article:modified_time\" content=\"2026-03-03T10:50:10+00:00\" \/>\n<meta name=\"twitter:card\" content=\"summary_large_image\" \/>\n<meta name=\"twitter:label1\" content=\"Est. reading time\" \/>\n\t<meta name=\"twitter:data1\" content=\"1 minute\" \/>\n<script type=\"application\/ld+json\" class=\"yoast-schema-graph\">{\"@context\":\"https:\/\/schema.org\",\"@graph\":[{\"@type\":\"Organization\",\"@id\":\"https:\/\/www.kfz-thomann.at\/#organization\",\"name\":\"KFZ Thomann Michael\",\"url\":\"https:\/\/www.kfz-thomann.at\/\",\"sameAs\":[],\"logo\":{\"@type\":\"ImageObject\",\"@id\":\"https:\/\/www.kfz-thomann.at\/#logo\",\"inLanguage\":\"en-US\",\"url\":\"https:\/\/www.kfz-thomann.at\/wp-content\/uploads\/2022\/02\/logo-neu.png\",\"contentUrl\":\"https:\/\/www.kfz-thomann.at\/wp-content\/uploads\/2022\/02\/logo-neu.png\",\"width\":2384,\"height\":844,\"caption\":\"KFZ Thomann Michael\"},\"image\":{\"@id\":\"https:\/\/www.kfz-thomann.at\/#logo\"}},{\"@type\":\"WebSite\",\"@id\":\"https:\/\/www.kfz-thomann.at\/#website\",\"url\":\"https:\/\/www.kfz-thomann.at\/\",\"name\":\"KFZ Thomann Michael\",\"description\":\"Meisterwerkst\u00e4tte\",\"publisher\":{\"@id\":\"https:\/\/www.kfz-thomann.at\/#organization\"},\"potentialAction\":[{\"@type\":\"SearchAction\",\"target\":{\"@type\":\"EntryPoint\",\"urlTemplate\":\"https:\/\/www.kfz-thomann.at\/?s={search_term_string}\"},\"query-input\":\"required name=search_term_string\"}],\"inLanguage\":\"en-US\"},{\"@type\":\"WebPage\",\"@id\":\"https:\/\/www.kfz-thomann.at\/#webpage\",\"url\":\"https:\/\/www.kfz-thomann.at\/\",\"name\":\"Startseite - KFZ Thomann Michael\",\"isPartOf\":{\"@id\":\"https:\/\/www.kfz-thomann.at\/#website\"},\"datePublished\":\"2022-02-15T12:53:16+00:00\",\"dateModified\":\"2026-03-03T10:50:10+00:00\",\"breadcrumb\":{\"@id\":\"https:\/\/www.kfz-thomann.at\/#breadcrumb\"},\"inLanguage\":\"en-US\",\"potentialAction\":[{\"@type\":\"ReadAction\",\"target\":[\"https:\/\/www.kfz-thomann.at\/\"]}]},{\"@type\":\"BreadcrumbList\",\"@id\":\"https:\/\/www.kfz-thomann.at\/#breadcrumb\",\"itemListElement\":[{\"@type\":\"ListItem\",\"position\":1,\"name\":\"Home\",\"item\":\"https:\/\/www.kfz-thomann.at\/\"},{\"@type\":\"ListItem\",\"position\":2,\"name\":\"Startseite\"}]}]}<\/script>\n<!-- \/ Yoast SEO plugin. -->","yoast_head_json":{"title":"Startseite - KFZ Thomann Michael","robots":{"index":"noindex","follow":"follow","max-snippet":"max-snippet:-1","max-image-preview":"max-image-preview:large","max-video-preview":"max-video-preview:-1"},"og_locale":"en_US","og_type":"article","og_title":"Startseite - KFZ Thomann Michael","og_description":"MeisterwerkstattThomann&nbsp;Michael &nbsp;\u200b\u00d6ffnung\u200bszeit\u200ben &nbsp;MO-FR&nbsp; 08:00 - 12:00 &amp;&nbsp; 13.00 -17:00 8505 St. Nikolai im Sausal 24b&nbsp; Die Werkstatt ist&nbsp;vom 27.03.2026&nbsp;bis einschlie\u00dflich 06.04.2026&nbsp;geschlossen ! KFZ Thomann \u2013 Ihre Meisterwerkstatt f\u00fcr Personenkraftwagen. Im Herbst 2010 verwirklichte der Gesch\u00e4ftsinhaber Michael Thomann seinen Traum und machte sich selbstst\u00e4ndig. Seitdem sind wir Ihr Ansprechpartner f\u00fcr Reparaturen, kompetenten Service, beste Qualit\u00e4t und &hellip; Continue reading \"Startseite\"","og_url":"https:\/\/www.kfz-thomann.at\/","og_site_name":"KFZ Thomann Michael","article_modified_time":"2026-03-03T10:50:10+00:00","twitter_card":"summary_large_image","twitter_misc":{"Est. reading time":"1 minute"},"schema":{"@context":"https:\/\/schema.org","@graph":[{"@type":"Organization","@id":"https:\/\/www.kfz-thomann.at\/#organization","name":"KFZ Thomann Michael","url":"https:\/\/www.kfz-thomann.at\/","sameAs":[],"logo":{"@type":"ImageObject","@id":"https:\/\/www.kfz-thomann.at\/#logo","inLanguage":"en-US","url":"https:\/\/www.kfz-thomann.at\/wp-content\/uploads\/2022\/02\/logo-neu.png","contentUrl":"https:\/\/www.kfz-thomann.at\/wp-content\/uploads\/2022\/02\/logo-neu.png","width":2384,"height":844,"caption":"KFZ Thomann Michael"},"image":{"@id":"https:\/\/www.kfz-thomann.at\/#logo"}},{"@type":"WebSite","@id":"https:\/\/www.kfz-thomann.at\/#website","url":"https:\/\/www.kfz-thomann.at\/","name":"KFZ Thomann Michael","description":"Meisterwerkst\u00e4tte","publisher":{"@id":"https:\/\/www.kfz-thomann.at\/#organization"},"potentialAction":[{"@type":"SearchAction","target":{"@type":"EntryPoint","urlTemplate":"https:\/\/www.kfz-thomann.at\/?s={search_term_string}"},"query-input":"required name=search_term_string"}],"inLanguage":"en-US"},{"@type":"WebPage","@id":"https:\/\/www.kfz-thomann.at\/#webpage","url":"https:\/\/www.kfz-thomann.at\/","name":"Startseite - KFZ Thomann Michael","isPartOf":{"@id":"https:\/\/www.kfz-thomann.at\/#website"},"datePublished":"2022-02-15T12:53:16+00:00","dateModified":"2026-03-03T10:50:10+00:00","breadcrumb":{"@id":"https:\/\/www.kfz-thomann.at\/#breadcrumb"},"inLanguage":"en-US","potentialAction":[{"@type":"ReadAction","target":["https:\/\/www.kfz-thomann.at\/"]}]},{"@type":"BreadcrumbList","@id":"https:\/\/www.kfz-thomann.at\/#breadcrumb","itemListElement":[{"@type":"ListItem","position":1,"name":"Home","item":"https:\/\/www.kfz-thomann.at\/"},{"@type":"ListItem","position":2,"name":"Startseite"}]}]}},"_links":{"self":[{"href":"https:\/\/www.kfz-thomann.at\/index.php\/wp-json\/wp\/v2\/pages\/10","targetHints":{"allow":["GET"]}}],"collection":[{"href":"https:\/\/www.kfz-thomann.at\/index.php\/wp-json\/wp\/v2\/pages"}],"about":[{"href":"https:\/\/www.kfz-thomann.at\/index.php\/wp-json\/wp\/v2\/types\/page"}],"author":[{"embeddable":true,"href":"https:\/\/www.kfz-thomann.at\/index.php\/wp-json\/wp\/v2\/users\/1"}],"replies":[{"embeddable":true,"href":"https:\/\/www.kfz-thomann.at\/index.php\/wp-json\/wp\/v2\/comments?post=10"}],"version-history":[{"count":108,"href":"https:\/\/www.kfz-thomann.at\/index.php\/wp-json\/wp\/v2\/pages\/10\/revisions"}],"predecessor-version":[{"id":650,"href":"https:\/\/www.kfz-thomann.at\/index.php\/wp-json\/wp\/v2\/pages\/10\/revisions\/650"}],"wp:attachment":[{"href":"https:\/\/www.kfz-thomann.at\/index.php\/wp-json\/wp\/v2\/media?parent=10"}],"curies":[{"name":"wp","href":"https:\/\/api.w.org\/{rel}","templated":true}]}}